of x and 27?
27
Let i(n) = -32*n - 11. Let b be i(-1). Let z = 157 - b. Calculate the greatest common divisor of 17 and z.
17
Suppose -4*c + 66 = 2*r - 3*c, -5*r + 170 = 5*c. Suppose 5*q - 151 = 49. Suppose 19*g - 24*g + q = 0. What is the greatest common divisor of r and g?
8
Suppose 21 = 2*k + 11. Suppose 191 = 2*p + k*i, -3*p + 150 = -2*i - 108. Let j = p + -44. What is the highest common divisor of 44 and j?
44
Suppose -2*k + 8 = -12. Let s = k - 9. Let p be -4 + 8 + 4 + -4. What is the highest common factor of p and s?
1
Let q(k) = 16*k**2 - 11*k - 331. Let g be q(13). Calculate the greatest common factor of g and 40.
10
Suppose -206*z + 21128 = -67*z. Calculate the highest common factor of z and 44.
4
Let x = -407 + 427. Suppose 16*m + 132 = x*m. What is the highest common factor of m and 44?
11
Suppose -30*q = -12*q - 0*q - 2808. Calculate the greatest common divisor of 432 and q.
12
Let m = -2 + 6. Suppose m*i - 30 = 6. Let y = -1588 - -1651. Calculate the highest common factor of y and i.
9
Let v(u) = -297*u - 5451. Let i be v(-19). What is the highest common factor of i and 216?
24
Let q be (-363)/(-4) + (-1)/(-4). Let s(k) = 5*k**2 + 5*k + 446. Let i be s(0). Suppose 2032 - i = 61*x. What is the greatest common divisor of q and x?
13
Let p = 78 - 55. Suppose -37*d + 662 = 99 - 288. What is the greatest common divisor of p and d?
23
Suppose 2*z = -12, -31*r - 4*z - 544 = -36*r. Let x be (52/(-10))/((-2)/10). What is the highest common divisor of r and x?
26
Let w be ((-156)/(-5))/((10*7/875)/1). What is the greatest common divisor of w and 455?
65
Let p = -5324 + 6037. Let w(n) = -n + 50. Let v be w(-12). Calculate the highest common divisor of v and p.
31
Let f = 4212 + -1245. What is the highest common divisor of f and 69?
69
Suppose -4*d + 3*k = -9*d + 21576, 5*k - 21590 = -5*d. Calculate the highest common divisor of d and 9.
9
Let o(y) = 2*y + 15. Let d be o(-6). Suppose d*h + 6 = 0, -2*h = -3*i - 7*h + 296. Suppose 17 = 3*k - 2*k. What is the greatest common divisor of k and i?
17
Let f be 6*17*(-39)/(-26). Suppose -2*a + 32 = -x, -3*x = x - 5*a + 125. Let b be (-2)/x*249 - 2/(-5). What is the highest common divisor of f and b?
17
Suppose -6*n - 16 = -10*n. Suppose -2*x - n*q + 120 = -0*x, 5*q - 240 = -4*x. What is the greatest common divisor of 72 and x?
12
Let m be ((9464/65)/(-7))/(6/(-15)). Suppose 0*o + 520 = 2*o. Calculate the greatest common factor of m and o.
52
Suppose -200*i = -205*i + 880. Calculate the highest common divisor of 418 and i.
22
Let r = -120 + -35. Let m be 1 + 6/(-10) - (-9672)/r. Let d = m + 69. What is the highest common factor of 14 and d?
7
Suppose -14648 = 308*h - 304*h - 51272. What is the greatest common factor of h and 84?
84
Suppose 0 = 515*p - 514*p + 3*n - 36, 0 = 4*p - 5*n - 178. Calculate the greatest common factor of p and 582.
6
Let u(f) = 588*f - 3660. Let k be u(7). Calculate the greatest common factor of k and 336.
24
Let u(c) = 18*c**2 - 50*c + 21. Let q be u(-3). What is the greatest common divisor of 259 and q?
37
Suppose f - 4 = -2*x, 5*x - 1 = 147*f - 148*f. Suppose -4*m - 56 = -3*s, -4*m = 2*s - 12 - 52. Calculate the greatest common factor of s and f.
6
Let a = 10271 + -10239. Let m = 29 + -21. Calculate the highest common factor of a and m.
8
Let l be (-12 + 19688/(-69))/((-4)/42). What is the highest common divisor of 21 and l?
7
Suppose -736 = 23*z - 7*z - 108*z. Let n(a) = 16*a**3 - a**2 - a + 4. Let g be n(3). What is the highest common divisor of z and g?
8
Let g(t) = 71*t + 3363. Let z be g(-41). Calculate the greatest common factor of z and 16.
4
Let f = 12 - -13. Let w = 27 - f. Let q be -4*2/12*(-93)/w. Calculate the highest common factor of 31 and q.
31
Suppose 29*k = 72*k - 36*k - 7910. Calculate the highest common factor of 5 and k.
5
Suppose 0 = -33*v + 88816 - 29878. Calculate the greatest common factor of 94 and v.
94
Let g = 6366 - 4956. Calculate the greatest common divisor of 3666 and g.
282
Let q(o) = 71*o**3 - o**2 - 183*o + 183. Let y be q(1). Calculate the greatest common factor of y and 1302.
14
Suppose 3*x + 12 = -x. Let h(y) = -3*y - 1. Let j be h(x). Suppose -11*t + 113 = -107. Calculate the greatest common divisor of j and t.
4
Suppose -11*w + 14*w = -15. Let k be (-2)/w*35*(0 - -1). What is the greatest common factor of 70 and k?
14
Let f = -348 + 341. Let t(q) = -q**3 + 4*q**2 - 15*q + 6. Let p be t(f). What is the highest common divisor of 100 and p?
50
Let t(m) be the first derivative of -7*m**2/2 + m - 1. Let n be t(-5). Let f = -164047 + 164137. Calculate the highest common divisor of f and n.
18
Suppose -6*p = 36 - 6. Let a be 63/15 - (-1)/p. Suppose -c + 34 - 186 = -3*u, 0 = -a*u - 3*c + 207. What is the greatest common divisor of 17 and u?
17
Let t(r) = r - 8. Let b = 26 - 17. Let m be t(b). Suppose -14*l - 57 = -239. What is the highest common factor of l and m?
1
Let y(v) = -v**2 + 24*v - 15. Let m be y(22). Let z = 26 - 33. Let u = z + m. Calculate the greatest common factor of u and 66.
22
Suppose 4*g = -2*w + 276, 5*g + 80 = 3*w - 279. Let k = 383 + -319. What is the highest common divisor of w and k?
64
Suppose 2*u = 2*p + 200 - 170, -2*u = 5*p - 37. Calculate the highest common factor of u and 13.
1
Suppose -20 = -2*q - 2*t, 3*t - 6 - 2 = -q. Suppose d = -4*p - 0*d + q, d = -5. Suppose 2*f - 17 = -1. What is the greatest common divisor of f and p?
4
Let d = -1006 + 1022. Calculate the highest common divisor of 2312 and d.
8
Suppose -3*k = -11*c + 6*c + 3603, -2878 = -4*c - 2*k. Calculate the highest common factor of 810 and c.
90
Let t(z) = z**3 - 9*z**2 + 6*z - 16. Let v be t(10). Let n(f) = 4*f**2 - 13*f - 11. Let m be n(-3). What is the highest common factor of v and m?
16
Suppose -3*m - 5*v = -912, 5*m - 2*v = v + 1520. Let x be (-11)/44*((-6)/4)/((-15)/(-1520)). What is the greatest common divisor of m and x?
38
Let j(g) = 11*g**2 - 28*g + 333. Let q(v) = 5*v**2 - 14*v + 166. Let h(o) = 6*j(o) - 13*q(o). Let d be h(-25). What is the greatest common divisor of d and 92?
23
Let i be (-1650)/(-220)*4*-1. Let a be (2 + i/25)/(12/390). What is the highest common factor of 12 and a?
2
Let v = -449 + 441. Let t be (1 + 220/12)/(v/(-12)). Calculate the highest common factor of t and 464.
29
Let i be -5 + -3 + (2 - 0). Let y be (-68)/i - 1/3. Let b = 829 + -730. Calculate the highest common factor of y and b.
11
Let r = -74 + 77. Suppose -106 = -r*f - 34. Let g be -2*(-86)/12 + f/36. What is the greatest common factor of 15 and g?
15
Let m be (4 + -2)*13/2. Suppose -30 = m*i - 19*i. Calculate the highest common divisor of 55 and i.
5
Let m be 1 - -1 - 2/(-1). Suppose -q + m = -11. Let t = 352 + -342. Calculate the highest common factor of q and t.
5
Let u(i) = 56*i**2 + 14*i - 50. Let a be u(6). Calculate the greatest common divisor of a and 40.
10
Let n(v) = v**2 - 66*v - 768. Let i be n(-30). What is the highest common factor of 33 and i?
33
Suppose 15*f = -27*f + 20585 + 37123. What is the greatest common divisor of f and 6?
6
Let k(t) = -t**3 - 6*t**2 - 5*t - 8. Let m be k(-5). Let n be 2 + m + 429 - 5. What is the greatest common divisor of n and 22?
22
Let l = 7 + 15. Suppose 3954 = 41*c - 1909. Calculate the greatest common divisor of c and l.
11
Let r(t) = -2531*t**3 + t**2 + 12*t + 13. Let x be r(-1). Calculate the greatest common divisor of 447 and x.
149
Let u be ((-285)/(-25))/((-6)/(-120)). Let j(v) = v + 19. Let d be j(5). Calculate the highest common factor of d and u.
12
Let c be (-30)/(-2) - -1 - -1. Suppose 3*k - 5*p - 592 = 0, p - 1 + 3 = 0. Suppose 0 = -k*w + 182*w + 612. Calculate the greatest common factor of c and w.
17
Let h(x) = x**3 - 13*x**2 + 33*x - 8. Let g be h(10). What is the greatest common factor of 1364 and g?
22
Suppose 2*j = r + 466, 0 = -3*r + 8*r + 10. Suppose -j*s - 252 = -236*s. What is the highest common factor of 9 and s?
9
Suppose g = -2*g + 15. Suppose -g*c = -4 - 16. Let o be c - 1 - (-109 - (1 + -3)). What is the highest common divisor of 11 and o?
11
Suppose 254 = 4*t + 206. Suppose -2*b - 2*b + 57 = 3*k, -2*b + 3*k + 51 = 0. Suppose t = -3*r + b. What is the highest common divisor of 4 and r?
2
Let m(f) = 254*f - 4644. Let c be m(20). Calculate the highest common divisor of c and 2943.